+ 4?
-454
In base 4, what is -302 - -133?
-103
In base 12, what is -10 - 6?
-16
In base 5, what is -13413 + -4?
-13422
In base 9, what is -144 - -25?
-118
In base 5, what is -210 + -30?
-240
In base 16, what is 7 - -e?
15
In base 14, what is -3b6 + 3?
-3b3
In base 16, what is -4 - 4e?
-52
In base 5, what is 10 + -240?
-230
In base 9, what is -4447 + -3?
-4451
In base 15, what is a + 51?
5b
In base 13, what is 12 + -a?
5
In base 4, what is -1213 + -10?
-1223
In base 3, what is 22101 + 1101?
100202
In base 7, what is -66 - -6?
-60
In base 8, what is 5040 + -2?
5036
In base 9, what is -488 + 15?
-473
In base 11, what is -4286 - -4?
-4282
In base 3, what is 0 - 20111?
-20111
In base 6, what is -103 - 4?
-111
In base 14, what is -3 - 24?
-27
In base 13, what is 72b - 4?
727
In base 7, what is -210 + -141?
-351
In base 15, what is -3 - -27?
24
In base 8, what is 23 - -1?
24
In base 9, what is -238 + -2?
-241
In base 8, what is -5 + 64?
57
In base 7, what is 5 + -1464?
-1456
In base 6, what is 2245 - -5?
2254
In base 3, what is 12221 - 0?
12221
In base 13, what is -19c6 + 1?
-19c5
In base 10, what is -546 - 5?
-551
In base 11, what is 92 + -12?
80
In base 15, what is 4 - -141?
145
In base 8, what is -3 + 230?
225
In base 12, what is 2 - 62?
-60
In base 13, what is 4c6 - 3?
4c3
In base 10, what is 82 - -115?
197
In base 15, what is 33e + 1?
340
In base 2, what is 10 - -1010000001110?
1010000010000
In base 5, what is -10213 + -3?
-10221
In base 15, what is -52 - 4?
-56
In base 11, what is -54 - 18?
-71
In base 10, what is 3 + 2?
5
In base 16, what is -5 + 482?
47d
In base 12, what is -21 - 4b?
-70
In base 13, what is -8 + -3b6?
-3c1
In base 12, what is -1352 + 4?
-134a
In base 9, what is 0 + -260?
-260
In base 15, what is -10 + 17?
7
In base 4, what is -210233 + 11?
-210222
In base 3, what is -2 - 1001022?
-1001101
In base 12, what is -1 - 217?
-218
In base 7, what is -465 - -4?
-461
In base 16, what is -a - 1f?
-29
In base 12, what is -293 - 0?
-293
In base 10, what is 5 + 7339?
7344
In base 5, what is -21 + -1410?
-1431
In base 8, what is 32 - 4?
26
In base 12, what is 219 + -10?
209
In base 5, what is 2 + 21?
23
In base 16, what is 2 - 98?
-96
In base 6, what is -20 - -225?
205
In base 13, what is -7 + -b1b?
-b25
In base 4, what is 12 + 32?
110
In base 5, what is 23 - 22?
1
In base 6, what is -234 + 10?
-224
In base 10, what is -3 - -104?
101
In base 9, what is 2 - 6?
-4
In base 4, what is -30222 - 11?
-30233
In base 7, what is -11354 - -5?
-11346
In base 15, what is -aa + -5?
-b0
In base 15, what is 4 - 42?
-3d
In base 14, what is -15 + -22?
-37
In base 10, what is 253 - 1?
252
In base 16, what is -109 - 6?
-10f
In base 12, what is 5 + 454?
459
In base 9, what is 7410 + 4?
7414
In base 6, what is 142 + -5?
133
In base 4, what is -10 + -322003?
-322013
In base 5, what is 13 + -40?
-22
In base 10, what is -1074 - 2?
-1076
In base 16, what is 4 - -10?
14
In base 15, what is -1 - 31b?
-31c
In base 10, what is 4 - 22?
-18
In base 7, what is 205 + 12?
220
In base 9, what is 3 - 1250?
-1246
In base 15, what is 3d - 0?
3d
In base 6, what is 112 + -2?
110
In base 16, what is e - 5?
9
In base 13, what is 5b + -56?
5
In base 5, what is 324 - 10?
314
In base 15, what is 2ada + 2?
2adc
In base 16, what is 1 - 68?
-67
In base 16, what is -e + 1b?
d
In base 13, what is 4 + -26?
-22
In base 6, what is -131 + 3?
-124
In base 5, what is -3330 - 0?
-3330
In base 13, what is -578c + -4?
-5793
In base 10, what is -247 + 4?
-243
In base 9, what is -3 + 1505?
1502
In base 9, what is -12 + -272?
-284
In base 16, what is -410f - 1?
-4110
In base 13, what is 2b - -194?
1c2
In base 13, what is -4 + -180?
-184
In base 8, what is -5 + -142?
-147
In base 5, what is 314 - -3?
322
In base 2, what is -110001 - -101?
-101100
In base 7, what is 60 + -22?
35
In base 9, what is -1 + -245?
-246
In base 15, what is -1b5a + -5?
-1b60
In base 5, what is 42 - -11232?
11324
In base 12, what is -5 - 209?
-212
In base 7, what is 111531 + 3?
111534
In base 12, what is -1 + 1?
0
In base 5, what is 10243 + 10?
10303
In base 2, what is 11101 + 1000101100?
1001001001
In base 8, what is -1532 + 0?
-1532
In base 6, what is -20 - 413?
-433
In base 14, what is 5 - -71?
76
In base 6, what is 1 - -440?
441
In base 10, what is -4 - 218?
-222
In base 9, what is -13785 + -4?
-13800
In base 3, what is -211 - -112?
-22
In base 14, what is -1428 + 2?
-1426
In base 6, what is 1 + 1342?
1343
In base 14, what is 4 + -194?
-190
In base 8, what is 0 + -60?
-60
In base 11, what is 12 + -11?
1
In base 11, what is 76 - 11?
65
In base 4, what is -31 - -230?
133
In base 3, what is 1 + -1?
0
In base 11, what is -1 + 352?
351
In base 6, what is 2 + 3011?
3013
In base 9, what is 3 + -1085?
-1082
In base 10, what is -36 + 1?
-35
In base 4, what is -1233 - 12?
-1311
In base 2, what is 100 + 1000011100?
1000100000
In base 8, what is 2424 - 1?
2423
In base 4, what is -3122 - 0?
-3122
In base 6, what is 420 - 2?
414
In base 10, what is 1 + -33?
-32
In base 11, what is 1 - a?
-9
In base 6, what is -4 - 55?
-103
In base 16, what is -11f7 + -4?
-11fb
In base 13, what is -3 + 299c?
2999
In base 13, what is -b + -17?
-25
In base 6, what is -250 + -1?
-251
In base 11, what is -4974 - 3?
-4977
In base 16, what is -7 - -1d?
16
In base 15, what is -2 - 1d?
-20
In base 4, what is 0 - 101100?
-101100
In base 15, what is 3 + 184?
187
In base 11, what is 94 + 39?
122
In base 12, what is -714 + -1?
-715
In base 14, what is 113 + -20?
d3
In base 13, what is 2 - -1b89?
1b8b
In base 14, what is -3 + 23?
20
In base 8, what is -521 + -4?
-525
In base 15, what is 42 + 12?
54
In base 13, what is 317 + -c?
308
In base 13, what is 492 + 21?
4b3
In base 2, what is 10111 + 100?
11011
In base 3, what is -1011 + -20101?
-21112
In base 16, what is 1 - -27?
28
In base 5, what is -4 - 132?
-141
In base 13, what is -1 - 1135?
-1136
In base 8, what is -257 - -33?
-224
In base 9, what is -35133 + -3?
-35136
In base 11, what is 2 + 13?
15
In base 5, what is 1 + -1431?
-1430
In base 12, what is 1030 + 2?
1032
In base 5, what is 112 - -103?
220
In base 14, what is d3 - 1?
d2
In base 6, what is -3 - 2232?
-2235
In base 15, what is -64 + 6?
-5d
In base 2, what is 10 + -100010?
-100000
In base 9, what is -2 + -544?
-546
In base 11, what is -541 - 4?
-545
In base 3, what is 20 - -212212?
220002
In base 8, what is 223 - 5?
216
In base 16, what is -3b - -9?
-32
In base 8, what is 7 + -322?
-313
In base 3, what is 100 - -101200?
102000
In base 16, what is e - 2bc?
-2ae
In base 4, what is 10222 - 11?
10211
In base 9, what is -3 - -26?
23
In base 5, what is 3 + -2432?
-2424
In base 10, what is -1420 + 3?
-1417
In base 3, what is 1022010 - 12?
1021221
In base 16, what is -349 + -8?
-351
In base 11, what is 1 - -44?
45
In base 10, what is -4 + 736?
732
In base 12, what is -2036 + -2?
-2038
In base 8, what is 12 + -5?
5
In base 13, what is -2 - 1b?
-20
In base 3, what is -201122 - -12?
-201110
In base 10, what is -1281 - 2?
-1283
In base 2, what is 101 + -100010100?
-100001111
In base 15, what is -9 + -30e?
-318
In base 6, what is -2252 + -3?
-2255
In base 11, what is -a80a + 4?
-a806
In base 15, what is 2ad - 4?
2a9
In base 11, what is -66 + 6?
-60
In base 11, what is 136 - -7?
142
In base 2, what is 11 - 1000110?
-1000011
In base 3, what is -10 - 20101?
-20111
In base 9, what is 5 + 204?
210
In base 15, what is 0 - 1d5?
-1d5
In base 14, what is 2 - 32c?
-32a
In base 13, what is -4 - 219?
-220
In base 7, what is 102 - 5?
64
In base 4, what is -2011 + 0?
-2011
In base 16, what is -4 + -27?
-2b
In base 9, what is 128 - 33?
85
In base 16, what is -71 + 4?
-6d
In base 7, what is 2 + 206?
211
In base 13, what is -3 - 29?
-2c
In base 4, what is -320 - 1130?
-2110
In base 5, what is 1 - 2222?
-2221
In base 15, what is 77 + -b?
6b
In base 15, what is 0 + -3b?
-3b
In base 6, what is -22 + 324?
302
In base 13, what is -2 + 17?
15
In base 2, what is -10101 + -101110?
-1000011
In base 6, what is 0 - 24?
-24
In base 8, what is -13711 + 4?
-13705
In base 6, what is -22400 - -2?
-22354
In base 16, what is c - -4?
10
In base 8, what is -3 - 16?
-21
In base 9, what is -318 - 17?
-336
In base 16, what is -6c8 - 1?
-6c9
In base 15, what is -1 - 1a?
-1b
In base 14, what is -276 - 1?
-277